{"id":2601,"date":"2021-04-29T23:06:37","date_gmt":"2021-04-29T23:06:37","guid":{"rendered":"https:\/\/www.philippmalbec.ch\/cms\/?page_id=2601"},"modified":"2021-05-15T04:12:10","modified_gmt":"2021-05-15T04:12:10","slug":"datenschutzerklaerung","status":"publish","type":"page","link":"https:\/\/www.philippmalbec.ch\/cms\/datenschutzerklaerung\/","title":{"rendered":"Datenschutzerkl\u00e4rung"},"content":{"rendered":"<p>[vc_row][vc_column][vc_custom_heading heading_style=&#8221;heading_style_5&#8243; text=&#8221;Personenbezogene Daten&#8221; font_container=&#8221;tag:h2|text_align:left|color:%23000000&#8243;][vc_column_text]Wenn Sie personenbezogene Daten an uns \u00fcbermitteln, zum Beispiel mittels Kontaktformular oder E-Mail, werden diese auf unseren Servern gespeichert. Wir verwenden diese Daten ausschliesslich f\u00fcr den von Ihnen bestimmten Zweck, zum Beispiel zur Kommunikation mit Ihnen oder zur Ausf\u00fchrung von Auftr\u00e4gen die Sie an uns \u00fcbermitteln. Alle personenbezogenen Daten werden streng vertraulich behandelt, nicht an Dritte weitergegeben und nicht f\u00fcr Werbezwecke verwendet. Sie k\u00f6nnen jederzeit Einsicht in Ihre pers\u00f6nlichen Daten verlangen oder diese l\u00f6schen lassen. Nehmen Sie hierzu Kontakt mit uns auf.[\/vc_column_text][vc_custom_heading heading_style=&#8221;heading_style_5&#8243; text=&#8221;Sicherheit&#8221; font_container=&#8221;tag:h2|text_align:left|color:%23000000&#8243;][vc_column_text]Wir sind bem\u00fcht Ihre personenbezogenen Daten durch technische und organisatorische Massnahmen so zu speichern, dass sie f\u00fcr Dritte nicht zug\u00e4nglich sind. Bei der Kommunikation per E-Mail oder \u00fcber das Kontaktformular kann die vollst\u00e4ndige Datensicherheit von uns nicht gew\u00e4hrleistet werden. Bei vertraulichen Informationen empfehlen wir den telefonischen Kontakt.[\/vc_column_text][vc_custom_heading heading_style=&#8221;heading_style_5&#8243; text=&#8221;Speicherung von Zugriffsdaten&#8221; font_container=&#8221;tag:h2|text_align:left|color:%23000000&#8243;][vc_column_text]Bei der Nutzung unserer Internetseiten werden Zugriffsdaten in einer Protokolldatei auf dem Server unseres Providers gespeichert. Dieser Datensatz umfasst die Namen der aufgerufenen Seiten, des verwendeten Browsers und des Betriebssystems, Datum und Uhrzeit des Zugangs, verwendete Suchmaschinen, Namen und Gr\u00f6sse heruntergeladener Dateien und einen anonymisierten Teil Ihrer IP-Adresse. Wir werten diese Daten zu rein statistischen Zwecken ohne Personenbezug aus.[\/vc_column_text][vc_custom_heading heading_style=&#8221;heading_style_5&#8243; text=&#8221;Cookies&#8221; font_container=&#8221;tag:h2|text_align:left|color:%23000000&#8243;][vc_column_text]Auf dieser Website werden Cookies verwendet. Cookies sind kleine Textdateien die beim Besuch dieser Website auf Ihrem Computer gespeichert werden (dauerhaft oder tempor\u00e4r). Sie werden zur Analyse der Nutzung dieser Website und zu statistischen Auswertungen verwendet. Sie k\u00f6nnen die Cookies in Ihrem Browser jederzeit in den Einstellungen ganz oder teilweise deaktivieren. Bei deaktivierten Cookies stehen Ihnen m\u00f6glicherweise nicht alle Funktionen dieser Website zur Verf\u00fcgung.[\/vc_column_text][vc_custom_heading heading_style=&#8221;heading_style_5&#8243; text=&#8221;Google Analytics&#8221; font_container=&#8221;tag:h2|text_align:left|color:%23000000&#8243;][vc_column_text]Wir setzen Google Analytics, einen Webanalysedienst der Google Inc. ein. Google verwendet Cookies. Die durch Cookies erzeugten Informationen \u00fcber die Benutzung des Onlineangebotes durch die Nutzer werden in der Regel an einen Server von Google in den USA \u00fcbertragen und dort gespeichert.<\/p>\n<p>Google wird diese Informationen in unserem Auftrag benutzen, um die Nutzung unseres Onlineangebotes durch die Nutzer auszuwerten, um Reports \u00fcber die Aktivit\u00e4ten innerhalb dieses Onlineangebotes zusammenzustellen und um weitere mit der Nutzung dieses Onlineangebotes und der Internetnutzung verbundene Dienstleistungen uns gegen\u00fcber zu erbringen. Dabei k\u00f6nnen aus den verarbeiteten Daten pseudonyme Nutzungsprofile der Nutzer erstellt werden.<\/p>\n<p>Wir setzen Google Analytics nur mit aktivierter IP-Anonymisierung ein. Das bedeutet, die IP-Adresse der Nutzer wird von Google innerhalb von Mitgliedstaaten der Europ\u00e4ischen Union oder in anderen Vertragsstaaten des Abkommens \u00fcber den Europ\u00e4ischen Wirtschaftsraum gek\u00fcrzt. Nur in Ausnahmef\u00e4llen wird die volle IP-Adresse an einen Server von Google in den USA \u00fcbertragen und dort gek\u00fcrzt.<\/p>\n<p>Die Nutzer k\u00f6nnen die Speicherung der Cookies durch eine entsprechende Einstellung ihrer Browser-Software verhindern; die Nutzer k\u00f6nnen dar\u00fcber hinaus die Erfassung der durch das Cookie erzeugten und auf ihre Nutzung des Onlineangebotes bezogenen Daten an Google sowie die Verarbeitung dieser Daten durch Google verhindern, indem sie das unter dem folgenden Link verf\u00fcgbare Browser-Plugin herunterladen und installieren:\u00a0<a href=\"http:\/\/tools.google.com\/dlpage\/gaoptout?hl=de\" target=\"_blank\" rel=\"noopener\">http:\/\/tools.google.com\/dlpage\/gaoptout?hl=de<\/a><\/p>\n<p>Weitere Informationen zur Datennutzung zu Werbezwecken durch Google, Einstellungs- und Widerspruchsm\u00f6glichkeiten erfahren Sie auf den Webseiten von Google:\u00a0<a href=\"https:\/\/policies.google.com\/privacy?hl=de\" target=\"_blank\" rel=\"noopener\">https:\/\/policies.google.com\/privacy?hl=de<\/a>[\/vc_column_text][\/vc_column][\/vc_row]<\/p>\n","protected":false},"excerpt":{"rendered":"<p>[vc_row][vc_column][vc_custom_heading heading_style=&#8221;heading_style_5&#8243; text=&#8221;Personenbezogene Daten&#8221; font_container=&#8221;tag:h2|text_align:left|color:%23000000&#8243;][vc_column_text]Wenn Sie personenbezogene Daten an uns \u00fcbermitteln, zum Beispiel mittels Kontaktformular oder E-Mail, werden diese auf unseren Servern gespeichert. Wir verwenden diese Daten ausschliesslich f\u00fcr den von Ihnen bestimmten Zweck, zum Beispiel zur Kommunikation mit Ihnen oder zur Ausf\u00fchrung von Auftr\u00e4gen die Sie an uns \u00fcbermitteln. Alle personenbezogenen Daten werden streng [&hellip;]<\/p>\n","protected":false},"author":1,"featured_media":0,"parent":0,"menu_order":0,"comment_status":"closed","ping_status":"closed","template":"","meta":{"footnotes":""},"class_list":["post-2601","page","type-page","status-publish","hentry","clearfix"],"yoast_head":"<!-- This site is optimized with the Yoast SEO plugin v16.2 - https:\/\/yoast.com\/wordpress\/plugins\/seo\/ -->\n<title>Datenschutzerkl\u00e4rung<\/title>\n<meta name=\"description\" content=\"Wir sind bem\u00fcht Ihre personenbezogenen Daten durch technische und organisatorische Massnahmen so zu speichern, dass sie f\u00fcr Dritte nicht zug\u00e4nglich sind ...\" \/>\n<meta name=\"robots\" content=\"index, follow, max-snippet:-1, max-image-preview:large, max-video-preview:-1\" \/>\n<link rel=\"canonical\" href=\"https:\/\/www.philippmalbec.ch\/cms\/datenschutzerklaerung\/\" \/>\n<meta property=\"og:locale\" content=\"de_DE\" \/>\n<meta property=\"og:type\" content=\"article\" \/>\n<meta property=\"og:title\" content=\"Datenschutzerkl\u00e4rung\" \/>\n<meta property=\"og:description\" content=\"Wir sind bem\u00fcht Ihre personenbezogenen Daten durch technische und organisatorische Massnahmen so zu speichern, dass sie f\u00fcr Dritte nicht zug\u00e4nglich sind ...\" \/>\n<meta property=\"og:url\" content=\"https:\/\/www.philippmalbec.ch\/cms\/datenschutzerklaerung\/\" \/>\n<meta property=\"og:site_name\" content=\"Philipp Malbec\" \/>\n<meta property=\"article:modified_time\" content=\"2021-05-15T04:12:10+00:00\" \/>\n<meta name=\"twitter:card\" content=\"summary_large_image\" \/>\n<meta name=\"twitter:label1\" content=\"Est. reading time\">\n\t<meta name=\"twitter:data1\" content=\"3 Minuten\">\n<script type=\"application\/ld+json\" class=\"yoast-schema-graph\">{\"@context\":\"https:\/\/schema.org\",\"@graph\":[{\"@type\":[\"Person\",\"Organization\"],\"@id\":\"https:\/\/www.philippmalbec.ch\/cms\/#\/schema\/person\/e2bf991fcb08e0c762a188f1a356bce3\",\"name\":\"Philipp Malbec\",\"image\":{\"@type\":\"ImageObject\",\"@id\":\"https:\/\/www.philippmalbec.ch\/cms\/#personlogo\",\"inLanguage\":\"de-CH\",\"url\":\"https:\/\/www.philippmalbec.ch\/cms\/wp-content\/uploads\/2021\/03\/avatar.jpg\",\"contentUrl\":\"https:\/\/www.philippmalbec.ch\/cms\/wp-content\/uploads\/2021\/03\/avatar.jpg\",\"caption\":\"Philipp Malbec\"},\"logo\":{\"@id\":\"https:\/\/www.philippmalbec.ch\/cms\/#personlogo\"},\"sameAs\":[\"https:\/\/philippmalbec.ch\"]},{\"@type\":\"WebSite\",\"@id\":\"https:\/\/www.philippmalbec.ch\/cms\/#website\",\"url\":\"https:\/\/www.philippmalbec.ch\/cms\/\",\"name\":\"Philipp Malbec\",\"description\":\"Schauspieler &amp; Sprecher\",\"publisher\":{\"@id\":\"https:\/\/www.philippmalbec.ch\/cms\/#\/schema\/person\/e2bf991fcb08e0c762a188f1a356bce3\"},\"potentialAction\":[{\"@type\":\"SearchAction\",\"target\":\"https:\/\/www.philippmalbec.ch\/cms\/?s={search_term_string}\",\"query-input\":\"required name=search_term_string\"}],\"inLanguage\":\"de-CH\"},{\"@type\":\"WebPage\",\"@id\":\"https:\/\/www.philippmalbec.ch\/cms\/datenschutzerklaerung\/#webpage\",\"url\":\"https:\/\/www.philippmalbec.ch\/cms\/datenschutzerklaerung\/\",\"name\":\"Datenschutzerkl\\u00e4rung\",\"isPartOf\":{\"@id\":\"https:\/\/www.philippmalbec.ch\/cms\/#website\"},\"datePublished\":\"2021-04-29T23:06:37+00:00\",\"dateModified\":\"2021-05-15T04:12:10+00:00\",\"description\":\"Wir sind bem\\u00fcht Ihre personenbezogenen Daten durch technische und organisatorische Massnahmen so zu speichern, dass sie f\\u00fcr Dritte nicht zug\\u00e4nglich sind ...\",\"breadcrumb\":{\"@id\":\"https:\/\/www.philippmalbec.ch\/cms\/datenschutzerklaerung\/#breadcrumb\"},\"inLanguage\":\"de-CH\",\"potentialAction\":[{\"@type\":\"ReadAction\",\"target\":[\"https:\/\/www.philippmalbec.ch\/cms\/datenschutzerklaerung\/\"]}]},{\"@type\":\"BreadcrumbList\",\"@id\":\"https:\/\/www.philippmalbec.ch\/cms\/datenschutzerklaerung\/#breadcrumb\",\"itemListElement\":[{\"@type\":\"ListItem\",\"position\":1,\"item\":{\"@type\":\"WebPage\",\"@id\":\"https:\/\/www.philippmalbec.ch\/cms\/\",\"url\":\"https:\/\/www.philippmalbec.ch\/cms\/\",\"name\":\"Home\"}},{\"@type\":\"ListItem\",\"position\":2,\"item\":{\"@id\":\"https:\/\/www.philippmalbec.ch\/cms\/datenschutzerklaerung\/#webpage\"}}]}]}<\/script>\n<!-- \/ Yoast SEO plugin. -->","_links":{"self":[{"href":"https:\/\/www.philippmalbec.ch\/cms\/wp-json\/wp\/v2\/pages\/2601","targetHints":{"allow":["GET"]}}],"collection":[{"href":"https:\/\/www.philippmalbec.ch\/cms\/wp-json\/wp\/v2\/pages"}],"about":[{"href":"https:\/\/www.philippmalbec.ch\/cms\/wp-json\/wp\/v2\/types\/page"}],"author":[{"embeddable":true,"href":"https:\/\/www.philippmalbec.ch\/cms\/wp-json\/wp\/v2\/users\/1"}],"replies":[{"embeddable":true,"href":"https:\/\/www.philippmalbec.ch\/cms\/wp-json\/wp\/v2\/comments?post=2601"}],"version-history":[{"count":8,"href":"https:\/\/www.philippmalbec.ch\/cms\/wp-json\/wp\/v2\/pages\/2601\/revisions"}],"predecessor-version":[{"id":2610,"href":"https:\/\/www.philippmalbec.ch\/cms\/wp-json\/wp\/v2\/pages\/2601\/revisions\/2610"}],"wp:attachment":[{"href":"https:\/\/www.philippmalbec.ch\/cms\/wp-json\/wp\/v2\/media?parent=2601"}],"curies":[{"name":"wp","href":"https:\/\/api.w.org\/{rel}","templated":true}]}}